3*f + 2076, q - 5*f - 179 = 223. What is the remainder when q is divided by p?
12
Suppose -5*w + 7959 = 16*w - 24843. Calculate the remainder when w is divided by 4.
2
Let g = 3182 + -3100. Calculate the remainder when g is divided by 6.
4
Suppose 13*i + 3498 - 3797 = 0. Calculate the remainder when 10461 is divided by i.
19
Let d(y) = 17*y**2 - 82*y + 15. Calculate the remainder when d(6) is divided by 55.
25
Suppose -9*c + c = -56. Let v(r) = r**3 - 3*r**2 + 3*r + 4. Calculate the remainder when v(c) is divided by 28.
25
Let t(p) = p**2 + 20*p + 71. Calculate the remainder when 33 - 3/12*4 is divided by t(-4).
4
Let d be ((-844)/6)/((-4)/6). Suppose 5*p = 3*t - d, t = 3*p - p + 85. Let s = 65 + p. What is the remainder when 40 is divided by s?
19
Let i(k) = -k**3 + 12*k**2 - 22*k + 31. Let d = 314 + -277. What is the remainder when d is divided by i(10)?
4
Suppose 0 = -65*f + 31*f + 3312 + 836. What is the remainder when 380 is divided by f?
14
Let z(f) = -1656*f + 13255. Suppose 4*v - s - 750 = s, -3 = s. Calculate the remainder when v is divided by z(8).
4
Suppose 5*b - 36 + 0 = 104. What is the remainder when 128 is divided by b?
16
Let s = 11 - 11. Suppose d + 123 = 5*l, s = -2*d - 2 - 4. Suppose 5*h - 231 = f, 145 = -0*h + 3*h + f. Calculate the remainder when h is divided by l.
23
Suppose 3*r - 120 = 4*b, 5*r = -5*b + 39 + 126. Let z be 5678/(-51) + (-1)/(-3). Let i = -98 - z. What is the remainder when r is divided by i?
10
Suppose 26*p - 233 - 247 = 11*p. Calculate the remainder when 624 is divided by p.
16
Suppose 2*g + 60 = -2*g. Let m(j) = -89*j**2 - 39*j. Let f be m(-1). Let x = g - f. What is the remainder when x is divided by 9?
8
Let f(i) = -2*i**2 + 129*i - 477. What is the remainder when f(58) is divided by 71?
64
Let n be (-2)/1 + -1*48/(-4). Let l(j) = -4*j + 63. Calculate the remainder when (-135)/(-2) - (-2)/(-4) is divided by l(n).
21
Let r(i) = 24*i**2 - 21 - 18*i**2 + 4*i + 4*i. Let c be r(4). Let b = c - 64. Calculate the remainder when b is divided by 11.
10
Let m be (10/(-20))/(2/(-572)). Suppose -4*z + 4*g + g + m = 0, -z = g - 29. What is the remainder when 95 is divided by z?
31
Suppose 246 + 1012 = -91*w + 165*w. Suppose -4*n - 320 = -5*a + 1189, 2*n = 4*a - 1212. Calculate the remainder when a is divided by w.
16
Suppose -3 - 1 = -u, -4*t = u - 20. Suppose z = -3*c + 751, 4*c - t*z = 6*c - 504. Suppose -41*a + c = -36*a. Calculate the remainder when a is divided by 27.
23
Let x(v) = -10*v**3 + 2*v**2 + 2*v + 2. Let f be x(-2). Suppose 69 = 3*r + 3*h, 0 = -5*r + 3*h - 3 + f. Calculate the remainder when 66 is divided by r.
9
Suppose -201 + 574 = 31*p - 1239. Calculate the remainder when 4053 is divided by p.
49
Let q be (-29)/((3 - (0 - -2))/5). Let k = -90 - q. What is the remainder when k is divided by 8?
7
Calculate the remainder when 224 is divided by -6*(-7)/((-21)/(-4))*(-58)/(-4).
108
Suppose -265*o + 283*o - 1044 = 0. What is the remainder when 537 is divided by o?
15
Let b = -131 + 141. Calculate the remainder when b is divided by (3/(-6) - -1)/(8/64).
2
Let i = -8 - -28. Suppose r - 1150 = -4*r. Suppose -r = -3*t + 58. What is the remainder when t is divided by i?
16
Let c(l) = -l**2 - 52*l - 195. Calculate the remainder when c(-40) is divided by 98.
89
Let o(k) = 22*k - 12. Suppose 16 = 4*v, -2*g + 12 = -6*g + 5*v. What is the remainder when 59 is divided by o(g)?
27
Let c(x) = 4*x**3 - 13*x**2 + 85*x - 826. Calculate the remainder when c(10) is divided by 36.
24
Suppose -2*p = -7*p + 1095. Suppose -5*i + 201 + 234 = 82*i. Suppose i*y - 246 = p. Calculate the remainder when y is divided by 19.
17
Let a = -68 - -63. Let w(o) = 6*o**2 + 11*o + 8. What is the remainder when w(a) is divided by 15?
13
Suppose 642 = 16*l - 7*l - 6*l. Calculate the remainder when l is divided by 105.
4
Let s be (18/12 + -4)*-2 + 3. What is the remainder when 241 is divided by (-15)/(-60) - (-230)/s?
9
Let n(a) = -a**2 + 85*a + 667. What is the remainder when 2414 is divided by n(92)?
22
Suppose 3*b + 122 = -t, -4*b - 5*t + 3*t - 162 = 0. Let u be 50/(-15)*(1 + b/2). Let y = -50 + u. Calculate the remainder when 72 is divided by y.
12
Suppose -3*p + 336 = 11*r - 13*r, 0 = 5*p + 3*r - 579. Calculate the remainder when 239 is divided by p.
11
Let v(t) = 79*t - 1956. What is the remainder when v(42) is divided by 18?
12
Suppose 258*f + 138536 = 997970 + 757452. Calculate the remainder when f is divided by 56.
51
Suppose -168 + 84 = -7*p. Calculate the remainder when 1667 is divided by p.
11
Suppose -27*w + 50 = 23*w. Calculate the remainder when 53 is divided by ((-32)/(-6))/w*3.
5
Let o(d) = 187*d - 962. What is the remainder when o(7) is divided by 247?
100
Suppose -5*p + 3205 = 5*x, 0 = -13*x + 14*x - p - 641. Suppose x - 197 = 12*n. What is the remainder when n is divided by 10?
7
Suppose -78015 = -222*u + 1683. Calculate the remainder when u is divided by 116.
11
Let u = -219 + 307. Let r = u + -61. Calculate the remainder when r is divided by 4.
3
Let z = -1050040 + 1050057. Suppose -685 = 4*f + o, 860 = -4*f + 4*o + 160. What is the remainder when z is divided by 4/(-14) - f/14?
5
Let j(k) = 13*k + 6. Let t be j(0). Suppose t*u + 28 = 124. What is the remainder when 61 is divided by u?
13
Suppose 154*d + 308397 = 1135223. What is the remainder when d is divided by 17?
14
Let h(l) = -4*l + 83. Let m be h(20). Suppose -3*o + 99 = -m*c, -3*o - c + 139 = 4*c. Calculate the remainder when o is divided by 20.
18
Let i(m) = 2*m**2 - 73*m - 462. Calculate the remainder when i(-16) is divided by 263.
166
Calculate the remainder when 269 is divided by (((-65)/(-2))/13 - 1)*-4 - -102.
77
Suppose -2*k + 62*h = 64*h - 132, -h - 190 = -3*k. What is the remainder when 89 is divided by k?
25
Let b = 3177 + -2957. Calculate the remainder when b is divided by 50.
20
Let t = 1633 + -1436. Calculate the remainder when t is divided by 120.
77
Let k(b) = -b**3 + b**2 + 6*b + 5. Let q be k(3). Suppose -2*s + 43 = -x + 6*x, 130 = 5*s + q*x. Let c = 4 + 11. What is the remainder when s is divided by c?
14
Let y(w) = 38*w**3 + w**2 + 9*w - 14. Let x(p) = 19*p + 116. Let b be x(-6). Calculate the remainder when y(b) is divided by 15.
12
Suppose -253*i + 304*i = 39576. What is the remainder when i is divided by 16?
8
Let s(w) = 2*w**2 - 6*w - 157. Let x(o) = 68*o**2 - o - 2. What is the remainder when s(16) is divided by x(-1)?
58
Let h = 24 - 9. Calculate the remainder when (2/1 - -166)*(5 + -10)/(-15) is divided by h.
11
Let i(s) = 4*s**3 - 146*s**2 + 72*s + 268. What is the remainder when 1093 is divided by i(36)?
21
Let z = -11014 + 21518. Calculate the remainder when z is divided by 102.
100
Let k(f) = 5*f**3 - 61*f**2 + 21*f + 5. What is the remainder when 644 is divided by k(12)?
79
Let r be -8*535/(-10) - 1. Let h = r + -387. What is the remainder when 40 is divided by h?
0
Suppose -282*j + 1906 + 7235 = -82509. Calculate the remainder when 4543 is divided by j.
318
Let p = -13503 - -13864. Calculate the remainder when 1440 is divided by p.
357
Let d(h) = 142*h - 54. Let o be d(5). Let a = o + -630. Calculate the remainder when a is divided by 6.
2
Let u be (15/10 - 18/4) + -35. Let i be (1 - (-154)/(-4))*u/57. What is the remainder when 53 is divided by 2*9/30*i?
8
Suppose 5*o + 2*l = 109, -35*o + 38*o = l + 50. What is the remainder when 3133 is divided by o?
17
What is the remainder when 479 is divided by (2/(-3))/(46/(-5589))?
74
Suppose -5*s + 50 + 5 = -20. Suppose -3*n - 20 = n. What is the remainder when s is divided by 12/(-10)*(0 + n)?
3
Let u = -8 - -16. Suppose -74*p = -75*p - 213. Let h = 242 + p. Calculate the remainder when h is divided by u.
5
Suppose -2*j = -5*h - 153, -4*h = -4 + 8. What is the remainder when j is divided by 8*(5 - (18/252)/((-4)/14))?
32
Suppose 2*v - 83 = 3*a, -9 = -3*v + 2*v - 5*a. What is the remainder when v is divided by 3/(0/(-5) + (-3)/(-19))?
15
Let q be 278 - 35/(-5) - 1. Let i = 374 - q. Suppose 0 = k + k - 94. What is the remainder when i is divided by k?
43
Let a = -36 + 38. Let s be (1/(-6)*-3)/(a/28). Calculate the remainder when (-2710)/(-70) + 2 + (-12)/s is divided by 6.
3
Suppose 6*o - 60 = -4*w + 2*o, 5*w - 2*o - 75 = 0. Calculate the remainder when (-22)/55*(-41255)/74 is divided b